 2*a - 42 = z. Let q = a + 16. Determine n(q).
3
Let x(u) = u + 3. Let h(j) = 17. Let l(r) = h(r) - 5*x(r). What is l(-7)?
37
Let m(w) be the first derivative of w**5/20 - w**4/3 + w**3/3 - 2*w**2 - 5*w - 19. Let l(y) be the first derivative of m(y). Calculate l(3).
-7
Let u(y) = -y - 4. Suppose 145 - 169 = 4*f. Determine u(f).
2
Let d(b) be the second derivative of b**4/12 - b**3/2 + 3*b**2/2 + 42*b - 1. Give d(4).
7
Let u(o) be the first derivative of -o**4/4 + 2*o**3 - 4*o**2 + 8*o - 3. Let c be u(5). Let n(d) = -d**3 - 8*d**2 - 5*d + 3. What is n(c)?
-11
Let k be (1*(-2)/(-6))/(2/228). Let a = k + -41. Let v(l) = l**2 + 6*l + 1. Give v(a).
-8
Let w = 5 - -7. Let a(m) = 0 + 5 - 8*m**2 - w + 8. Determine a(-1).
-7
Let x(s) be the first derivative of 53 + 2*s + 1/2*s**2. Suppose -2*o + 7 = -u - 2, -4*u - 4*o - 12 = 0. Calculate x(u).
-3
Let d(x) be the first derivative of 11*x**3/3 - x**2/2 - 17. Let u = 98 - 99. Calculate d(u).
12
Suppose 6*g = -4*p + g - 5, -p - g = 1. Let s(o) = o**2 - 10. Determine s(p).
-10
Let k(r) be the third derivative of -r**6/120 - r**5/30 + r**4/6 + r**3/6 + 265*r**2. Suppose 5*x + 20 = 0, 5*x = u - 17 - 0. Calculate k(u).
-2
Let i(g) = -13*g**2 + 2*g**3 + 15*g**2 - 3*g**3 + 35*g + 81 - 76. What is i(7)?
5
Suppose 13*s = -9*s. Let x(f) = 3*f - 10. What is x(s)?
-10
Let s(x) = -6*x + 4*x - 1 + 8*x**2 - 2*x**2. Let h = -1337 + 1336. Give s(h).
7
Suppose 0 = -52*d + 50*d + 6. Let p(w) = -2*w**3 + w**2 - 7*w + 6. Let b(z) = -z**3 - 4*z + 3. Let i(u) = -5*b(u) + 3*p(u). Determine i(d).
0
Suppose -6*k = -8*k + 2. Let s(u) = 7*u + 1. Let m(j) = -j - 2 - 8*j - 5*j. Let x(t) = 3*m(t) + 5*s(t). Give x(k).
-8
Let q(t) be the third derivative of -3*t**2 + 0*t - 1/24*t**4 + 8/3*t**3 + 0. Give q(7).
9
Let w(v) be the third derivative of v**6/120 + v**5/30 - v**4/24 + 2*v**3/3 - 104*v**2. Calculate w(-3).
-2
Let c(w) be the first derivative of w**4/4 + 4*w**3/3 + 3*w**2/2 + 547. Give c(-3).
0
Suppose -c = 2*v - 0*v + 58, v - 64 = c. Let f = c - -59. Let x(b) = -b**2 - 2*b - 3. Give x(f).
-6
Let o(j) = -2*j**2 - 44*j + 6. Let k be o(-22). Let b(p) = p**3 - 7*p**2 + 6*p - 2. Determine b(k).
-2
Let r(i) be the first derivative of -3*i**2 + 29*i + 7. Let h be r(5). Let t(n) = 19*n + 1. Give t(h).
-18
Let p(a) = -a**2 - 1559*a - 6 + 3 + 1552*a. Calculate p(-4).
9
Let y(w) = -6 + w**3 + 8*w + 7*w**2 + 6*w - 15*w. Determine y(-7).
1
Let h be 19/(-38) - -5*5/2. Suppose 9*k - 3 + h = 0. Let s(m) = 6*m**3 + m**2 + m. Calculate s(k).
-6
Let l = 12 + -158. Let f = l - -139. Let k(u) = -u**3 - 8*u**2 - 6*u + 4. Give k(f).
-3
Let j(f) be the third derivative of 1/24*f**4 + 0 + 0*f - f**3 + 8*f**2. Give j(3).
-3
Let o(z) be the third derivative of 8*z**2 + 0 + 1/60*z**5 + 0*z - z**3 + 5/24*z**4. Determine o(-6).
0
Let c(k) be the first derivative of -k**4/4 + 4*k**3/3 - 3*k**2/2 - k + 155. Calculate c(4).
-13
Let u(v) = 0 + 1 + 0 - 4 + 2*v**2. Suppose 2*y = 5 + 1. Let x(i) = 5*i**2 + i - 6. Let f(k) = y*x(k) - 7*u(k). What is f(-3)?
3
Let n = -14 + 17. Let c(a) be the third derivative of -a**4/6 + 2*a**3/3 + 9*a**2. Determine c(n).
-8
Let y(j) = -j - 27. Let r be y(-22). Let n(z) = -z**2 - 6*z - 4. Give n(r).
1
Let c(t) = 2*t - 1. Let a(g) = g - 2. Let s(j) = j - 1. Let u(y) = a(y) - 4*s(y). Let r(z) = -7*c(z) - 4*u(z). Suppose 5*w - w = 16. What is r(w)?
-9
Suppose -4*f + b - 17 = 0, -2*f - 2*b - 16 = -4*b. Let i be 2/f - (-5)/3 - 3. Let k(j) = -j**3 + j**2 + 2*j - 1. Determine k(i).
7
Let o be (63/(-28))/((-1)/(-4)). Let p be 6/o - 48/9. Let w(k) be the second derivative of k**5/20 + k**4/2 + k**3/6 - k**2/2 - 20*k. Give w(p).
-7
Let v(h) be the first derivative of h**2/2 - h + 10. Let a(y) = -y**2 - 2*y - 3. Let l(g) = -a(g) + v(g). What is l(3)?
20
Let g(j) = 41*j**2. Let w = -1593 - -1594. Calculate g(w).
41
Let i(m) = 3*m + 11. Let w = 1066 + -1063. Determine i(w).
20
Suppose 3*b = -3 + 12. Suppose -b*s + 32 = 4*n, 2*n - 21 = -2*s - n. Suppose s = o - 4*r, -r - 2 = -1. Let t(w) = -w**2 + 8*w + 6. Calculate t(o).
6
Let g(y) = 2 - y - 1 + 2. Let u = 7074 - 7072. Give g(u).
1
Let f be (6 + 65/(-10))/((-2)/4). Let c(g) = -2*g + 1. What is c(f)?
-1
Let m(p) = -1 + 4 + 21*p - 2. Suppose -29*c - 38*c - 49 = -18*c. Determine m(c).
-20
Suppose 5*u = -3*b + 16, -3*b + 18 = 4*u + 2*b. Let j = u + -2. Let r(y) = 32 - 2*y - 2*y + 3*y - 30. Give r(j).
2
Let v(o) be the second derivative of -o**5/20 - o**4/2 + o**3/3 - 5*o**2/2 - 4*o - 21. Give v(-7).
30
Let b be (-4 + (-99)/(-22))*2. Let c(j) = j + 4. Determine c(b).
5
Suppose -3*r - 14 - 10 = 0. Let h(b) be the second derivative of -b**5/20 - 3*b**4/4 - 3*b**3/2 + 7*b**2/2 - 2*b - 63. What is h(r)?
15
Let k(u) = -u**2 - 2*u - 826 + 1667 - 833. Calculate k(-4).
0
Let q(m) be the first derivative of m**2/2 + 7*m - 29. Calculate q(-2).
5
Let u(x) = -4*x**2 - x + 59*x**3 + 60*x**3 - 120*x**3 + 2. Let b(c) = -2*c - 9. Let g be b(-7). Suppose g*q - 6 = -21. Calculate u(q).
-4
Let x(b) be the third derivative of -b**6/180 - b**4/24 + 3*b**3/2 - 4*b**2. Let d(p) be the first derivative of x(p). Determine d(-2).
-9
Let j = 29 + -22. Let m(v) be the first derivative of -1/4*v**4 + 7/2*v**2 + 2*v**3 - 3 + 0*v. What is m(j)?
0
Let o be 21/4 + ((-30)/(-8))/(-15). Let h(m) be the first derivative of -m**4/4 + 2*m**3 - m**2 - m - 3. Determine h(o).
14
Let p be (-3)/15 - (-8)/(-20)*-23. Suppose 9 = 2*y + p. Let h(a) = 2*a + 2*a**3 - a - 3*a**3 - 2. Give h(y).
-2
Let l(h) = -5*h + 8*h - 4*h - 4*h**2 - h**3 - 2*h + 0*h. What is l(-4)?
12
Let v = -1504 + 1508. Let p(h) = -h**3 + 8*h**2 - 4*h - 1. Determine p(v).
47
Let o = -39 + 42. Let a(f) = -f**3 + f**2 + 2*f - 4. Calculate a(o).
-16
Suppose 0 = l + 4*k - 11, 4*l + 5*k + 12 = 34. Let a(r) = 0*r**l + r**2 + 2*r**3 - 5 - r**3 + 0. Let t = -7 + 7. Determine a(t).
-5
Suppose 0 = 2*s - 3 - 1. Suppose -s*r + 4*r = 3*f + 3, -3*r = -2*f - 7. Let x(p) = -12*p. Give x(f).
-12
Let q(z) = z**3 + 4*z**2 - 4*z - 2. Suppose -5*n = 3*i - 5, -3*i + 4*n + 2 = 6*n. Let d be 1/(-1) + i + -4. Give q(d).
-7
Let y(h) be the second derivative of 1/60*h**5 + 1/12*h**4 + 0 - 5/6*h**3 + 0*h**2 + 8*h. Let u(v) be the second derivative of y(v). Calculate u(-4).
-6
Let l(t) be the second derivative of -t**5/20 + t**4/6 + 5*t**3/6 - t**2 + 16*t. Suppose 46 = 5*f - 4. Let r(s) = s**2 - 9*s - 7. Let a be r(f). Give l(a).
4
Let z(o) = -3*o**3 + 5*o**2 - 3*o + 3. Suppose -10*t = -4*t - 18. What is z(t)?
-42
Let j = -35 - -53. Let r(s) = j*s - 189 + 189. Give r(-1).
-18
Let p be (-3)/6 - (-573)/6. Let x = 158 - p. Let w be (x/(-28))/((-6)/(-16)). Let j(m) = -m**3 - 6*m**2 - 5. What is j(w)?
-5
Let x(w) = w**2 - 5*w + 2. Suppose -z + 43 = 4*t, 4*z - t = -3*t + 228. Let p = -55 + z. What is x(p)?
-2
Suppose -30 = -v - 4*v. Let t(a) be the third derivative of -a**5/60 + a**4/3 - a**3/2 - 135*a**2. Give t(v).
9
Let i(l) be the first derivative of 2*l**3/3 + 2*l**2 + 2. Let s(w) = -w**3 + 10*w**2 - 7*w - 13. Let m be s(9). Let d = m - 8. What is i(d)?
6
Let a(c) = -6*c**2 - c. Let d be (-15)/20 - (0 - 450/(-8)). Let p = d + 56. What is a(p)?
-5
Let y(u) = 19*u**2. Let a(i) = 117*i**2. Let w(q) = 2*a(q) - 13*y(q). Suppose 4*x - 2 = 2. What is w(x)?
-13
Suppose 3*n + 9 = -6, -5*h - 2*n = 895. Let z = 180 + h. Let g(q) = -q**3 + 5*q**2 + 2. Give g(z).
20
Let o = -6 - -10. Let j(f) = 0*f - 7 + 0*f**2 + 2*f - 6*f**2 - f**3 - o*f. Let a(y) = -9*y + 48. Let z be a(6). What is j(z)?
5
Let r(j) = j**2 + 4*j - 12. Suppose 3218 - 3214 = 2*o. Determine r(o).
0
Let b(d) = d**3 - 65*d + 1. Let g be b(-8). Let z(m) = -4 + 14 + 11*m - m**2 - 3*m. Calculate z(g).
1
Let f be 1/(-8) - (-18)/144. Let d(i) = -i**3 - i + 4. Give d(f).
4
Suppose -p = 2*p + 6. Let z be 20/(-5) + 3/(3/16). Let j be (z/p)/(-2 + 3). Let x(g) = -g. Calculate x(j).
6
Suppose -10 = 251*s - 253*s. Let o(n) = 9*n - 6. Give o(s).
39
Let a = -236 + 237. Let f(r) = 2*r**2 - 2*r + 2. Determine f(a).
2
Let t(u) = u + 22278 + 49*u**3 - 22278. Calculate t(1).
50
Suppose 0 = 3*w + w - 5*o - 25, 17 = 4*w + 3*o. Let m = 1 + w. Let p(t) = -4*t + 2*t + t**2 - 3*t - 4. What is p(m)?
2
Let t(j) be the third derivative of j**6/120 + 5*j**5/12 + 13*j**4/12 + 43*j**3/6 + 362*j**2. What is t(-24)?
-5
Let l be (-7)/1 - (-6 + 2). Let s(o) be the first derivative of o**